
Does 61 divide 7388625?
True
Does 6 divide 13926?
True
Is 25 a factor of 564503?
False
Is 311781 a multiple of 87?
False
Is 224 a factor of 122976?
True
Does 26 divide 350844?
True
Is 5 a factor of 27635?
True
Is 12 a factor of 11056956?
True
Is 681822 a multiple of 38?
False
Is 178202 a multiple of 12?
False
Is 63 a factor of 1216611?
False
Is 13897515 a multiple of 15?
True
Is 24 a factor of 71328?
True
Is 2009868 a multiple of 674?
True
Does 104 divide 1944617?
False
Is 27 a factor of 7290?
True
Does 4 divide 21844?
True
Is 68 a factor of 25923?
False
Is 730 a factor of 10066648?
False
Does 17 divide 95421?
True
Does 6 divide 19253?
False
Is 9 a factor of 348021?
True
Does 127 divide 8828913?
True
Does 144 divide 295918?
False
Does 19 divide 86015?
False
Is 77 a factor of 5947326?
True
Does 73 divide 310074?
False
Is 4 a factor of 55470?
False
Is 10 a factor of 7344530?
True
Is 26 a factor of 320164?
True
Is 8498123 a multiple of 1147?
True
Does 8 divide 1609376?
True
Is 1573459 a multiple of 56?
False
Is 273898 a multiple of 34?
False
Is 99 a factor of 3701610?
True
Does 43 divide 1540647?
True
Is 88 a factor of 193952?
True
Is 2 a factor of 23606?
True
Is 81 a factor of 2419294?
False
Does 189 divide 15498?
True
Is 374832 a multiple of 85?
False
Is 14 a factor of 70756?
True
Is 2700464 a multiple of 208?
True
Does 375 divide 678733?
False
Is 323487 a multiple of 58?
False
Is 40143 a multiple of 448?
False
Is 3479092 a multiple of 87?
False
Does 14 divide 59612?
True
Is 4320962 a multiple of 23?
False
Is 117 a factor of 8715213?
True
Does 14 divide 356246?
False
Is 9 a factor of 306804?
False
Is 225 a factor of 2286900?
True
Is 20194824 a multiple of 2298?
True
Does 74 divide 1976898?
False
Is 226693 a multiple of 81?
False
Does 66 divide 456324?
True
Is 22089 a multiple of 37?
True
Does 232 divide 120640?
True
Is 26 a factor of 649960?
False
Is 126 a factor of 306562?
False
Is 19572 a multiple of 391?
False
Does 74 divide 47212?
True
Does 7 divide 5026203?
True
Is 70 a factor of 22190?
True
Does 162 divide 21605?
False
Does 361 divide 1521254?
True
Is 359983 a multiple of 157?
False
Is 170337 even?
False
Is 99 a factor of 1853554?
False
Is 545615 a multiple of 5?
True
Is 15300 a multiple of 8?
False
Is 719454 a multiple of 57?
True
Is 14 a factor of 345296?
True
Does 464 divide 2546948?
False
Is 30 a factor of 2450400?
True
Is 15501 a multiple of 3?
True
Is 1113981 a multiple of 990?
False
Is 57 a factor of 16598038?
False
Is 269 a factor of 151423?
False
Is 5249722 a multiple of 82?
True
Is 5 a factor of 75975?
True
Is 3309810 a multiple of 42?
True
Does 12 divide 201960?
True
Is 571267 a multiple of 61?
False
Does 90 divide 64172?
False
Is 37881 a multiple of 207?
True
Is 20 a factor of 8125396?
False
Is 125 a factor of 2052000?
True
Is 134 a factor of 3789325?
False
Does 514 divide 162424?
True
Does 29 divide 420790?
True
Is 232 a factor of 13796344?
True
Is 5848 a multiple of 17?
True
Is 9 a factor of 1334610?
True
Is 447340 a multiple of 10?
True
Is 64 a factor of 8607715?
False
Is 58238 a multiple of 74?
True
Is 28757417 a multiple of 3008?
False
Is 14 a factor of 3157561?
False
Is 14 a factor of 59012?
False
Is 211 a factor of 1597472?
False
Is 23391 a multiple of 9?
True
Is 301896 a multiple of 252?
True
Is 207 a factor of 282348?
True
Is 320 a factor of 1355520?
True
Does 82 divide 8650704?
False
Is 51 a factor of 48177?
False
Is 27381 a multiple of 158?
False
Is 210 a factor of 3267600?
True
Is 6 a factor of 226153?
False
Does 27 divide 48087?
True
Is 2268890 a multiple of 13?
True
Is 26 a factor of 148772?
True
Is 36 a factor of 359712?
True
Is 427 a factor of 53375?
True
Is 41 a factor of 58712?
True
Is 1305264 a multiple of 516?
False
Does 2 divide 63426?
True
Does 398 divide 1175692?
True
Is 1957570 a multiple of 29?
False
Is 424042 a multiple of 127?
False
Is 161 a factor of 22998689?
True
Is 54 a factor of 135532?
False
Is 933 a factor of 3086364?
True
Does 46 divide 4479158?
True
Does 156 divide 1149703?
False
Is 101745 a multiple of 17?
True
Does 12 divide 165514?
False
Does 121 divide 3941439?
False
Is 263 a factor of 11492311?
True
Is 975 a factor of 631800?
True
Is 82 a factor of 364444?
False
Does 1841 divide 14657890?
False
Does 444 divide 122544?
True
Does 717 divide 14387064?
False
Does 2 divide 2863742?
True
Is 1459296 a multiple of 96?
True
Does 522 divide 10507446?
False
Does 13 divide 2278289?
True
Does 163 divide 968057?
True
Is 410 a factor of 263220?
True
Does 74 divide 11766888?
True
Is 459863 a multiple of 184?
False
Is 37583 a multiple of 7?
True
Does 14 divide 3989526?
False
Is 393755 a multiple of 915?
False
Is 1555568 a multiple of 76?
True
Is 185 a factor of 3875537?
False
Is 1696 a factor of 9244032?
False
Is 118830 a multiple of 7?
False
Is 71787 a multiple of 308?
False
Is 203412 a multiple of 92?
True
Is 83056 a multiple of 179?
True
Is 156 a factor of 587775?
False
Is 1425753 a multiple of 21?
True
Does 30 divide 5460?
True
Is 102 a factor of 26412288?
True
Is 4844160 a multiple of 10?
True
Is 120 a factor of 2992200?
True
Is 92 a factor of 295412?
True
Is 3680093 a multiple of 60?
False
Is 3231656 a multiple of 505?
False
Does 379 divide 9096?
True
Is 25 a factor of 1459400?
True
Does 20 divide 494300?
True
Does 23 divide 1618763?
True
Is 32948 a multiple of 11?
False
Is 647892 a multiple of 21?
True
Is 3644 a multiple of 4?
True
Does 12 divide 27286956?
True
Does 48 divide 5886570?
False
Is 1236551 a multiple of 135?
False
Does 215 divide 7572054?
False
Does 262 divide 2515462?
True
Is 19270986 a multiple of 1982?
True
Is 36 a factor of 15238152?
True
Does 104 divide 146640?
True
Does 20 divide 627548?
False
Is 84 a factor of 49067?
False
Does 31 divide 428823?
True
Does 20 divide 112482?
False
Does 15 divide 6949519?
False
Is 387556 a multiple of 52?
True
Is 1239964 a multiple of 291?
False
Is 514392 a multiple of 48?
False
Does 11 divide 2501299?
False
Is 20 a factor of 2516000?
True
Does 73 divide 28046?
False
Is 1822428 a multiple of 18?
True
Does 46 divide 875472?
True
Is 368 a factor of 977408?
True
Is 86 a factor of 3777586?
False
Is 143 a factor of 531489?
False
Is 7574580 a multiple of 36?
True
Does 55 divide 1022655?
False
Is 233224 a multiple of 8?
True
Does 10 divide 2398410?
True
Is 679489 a multiple of 31?
True
Does 176 divide 6368898?
False
Is 2669710 a multiple of 258?
False
Is 50274 a multiple of 114?
True
Is 6 a factor of 438781?
False
Is 32 a factor of 2754912?
True
Is 241634 a multiple of 19?
False
Is 3445459 a multiple of 10?
False
Is 106 a factor of 108045?
False
Is 76 a factor of 14440?
True
Does 7 divide 566335?
True
Does 201 divide 6031270?
False
Is 56 a factor of 1558248?
False
Does 5 divide 611177?
False
Is 242284 a multiple of 17?
True
Is 1794261 a multiple of 886?
False
Does 2 divide 113376?
True
Is 106 a factor of 548868?
True
Does 30 divide 10675248?
False
Is 1076824 a multiple of 287?
True
Is 11 a factor of 761827?
True
Is 76 a factor of 585592?
False
Is 639 a factor of 4417062?
False
Is 21 a factor of 56857?
False
Is 285345 a multiple of 553?
False
Does 8 divide 105325?
False
Is 122 a factor of 225021?
False
Is 3816240 a multiple of 33?
False
Is 3922906 a multiple of 25?
False
Is 103 a factor of 73042?
False
Does 26 divide 893151?
False
Is 1621930 a multiple of 202?
False
Is 5916 a multiple of 102?
True
Is 562252 a multiple of 101?
False
Is 11 a factor of 249189?
False
Is 57 a factor of 1355061?
True
Does 11 divide 173245?
False
Is 4 a factor of 123028?
True
Is 46829 a multiple of 17?
False
Is 468000 a multiple of 45?
True
Does 48 divide 13673?
False
Does 21 divide 2929640?
False
Does 10 divide 93170?
True
Is 64064 a multiple of 8?
True
Is 5238303 a multiple of 241?
False
Does 2 divide 9531?
False
Is 195708 a multiple of 69?
False
Does 141 divide 1765320?
True
Is 27 a factor of 189491?
False
Does 25 divide 550875?
True
Is 7 a factor of 1968316?
True
Does 4 divide 1738196?
True
Is 184906 a multiple of 118?
True
Does 3 divide 172660?
False
Is 16 a factor of 31333?
False
Does 30 divide 50850?
True
Is 546 a factor of 378730?
False
Is 739608 a multiple of 29?
False
Is 238 a factor of 938196?
True
Is 14 a factor of 119103?
False
Does 3 divide 579880?
False
Is 2